- (3 - 0 - (-49 - -57))?
-7
What is 0 + 10 - (13 - -19 - 28) - -3?
9
What is the value of (-33 - (0 - 25)) + 37?
29
What is the value of 33 + (-19 - ((-11 - -5) + -2))?
22
Evaluate 31 + (10 + -13 - 39).
-11
-22 + -32 + 63 + -28
-19
What is (6 - (7 + (5 - 0))) + -1?
-7
Evaluate -12 + -6 + -1 + (54 - 47).
-12
Calculate (2 - (-10 - -6 - -2)) + (1 - 0).
5
What is the value of 111 + -111 + (-5 - (-19 + 2))?
12
Evaluate (39 - (91 - -32)) + 45.
-39
Evaluate -2 + 20 + 1 - (-56 + 71).
4
What is the value of 11 + 11 + (-6 - (-8 + -3))?
27
What is the value of -12 - (-25 - (2 - 13))?
2
Evaluate -26 - (-22 + (-6 - -24)).
-22
Evaluate 1 + (-21 - -5 - -8 - (-7 + 0)).
0
Calculate 1 + -8 + -7 + -13 + 19.
-8
Calculate (1 - 2) + 15 + -7.
7
16 + 2 + (-16 - -8) + 0 + -23
-13
What is the value of -25 - -6 - -11 - -7 - -5?
4
0 + -9 - (14 - (-1 - -27))
3
Calculate 1846 - 1846 - (-1 + (1 + -1 - 6)).
7
Evaluate (-8 - -16) + -4 - (9 + 3 + 10).
-18
Calculate 40 + 37 + 1 + -45.
33
What is the value of (19 - 55) + 25 - 6?
-17
Calculate -2 + 16 - (8 - 32 - -28) - -14.
24
What is the value of 152 - 122 - (37 + 1)?
-8
What is -71 - -80 - (-1 + -1) - 4 - 1?
6
Calculate -9 + 6 + -13 - -6.
-10
-3 + 19 + 1 + -23
-6
(-8 - -5) + 30 + -28 + -1 + -8
-10
What is 0 + 4 + 0 + -12 + 13?
5
Evaluate (-46 - -43) + -1 + (-5 - -12).
3
Calculate -1 + 15 + 195 + -209.
0
What is (-5 - (-17 - 3)) + -10?
5
-1 + -18 + -125 + 135
-9
What is the value of -145 + 120 - (-12 + -2)?
-11
Calculate (-18 - 1) + (1 - -2) - -8.
-8
What is -43 + 28 - (0 + -31) - 19?
-3
What is 3 + 1 + (5 + -2 - -4)?
11
Evaluate 3 + -7 + (-13 - -12) + 1.
-4
-18 - (11 - 17 - 6)
-6
What is -18 + (-17 - (-1 - 28))?
-6
Evaluate -7 - (-4 + -4 + -1 + 7).
-5
Calculate -14 + 7 + 9 + 13.
15
Evaluate 13 + -27 + -5 + 13 + 20.
14
Evaluate -20 + -1 + -183 + 188.
-16
What is -1 + -24 + 29 + 14?
18
What is (1 - 5 - 4) + 9 + -3 + -1?
-3
What is the value of (11 + 1 - (6 - -34 - 36)) + -4?
4
What is (14 + -8 - -17) + -12?
11
-2 + (10 + -3 - 5 - (-3 + -4))
7
Evaluate 21 + -34 + 19 - (11 - 0 - 2).
-3
What is (-4 - -8 - 0 - 1) + 8?
11
What is the value of (-1 - -4) + -2 - (0 - -5 - 4)?
0
Calculate -2 + (-14 - (-13 - 1)) - 3.
-5
Evaluate 1644 + -1673 + (1 - -43).
15
Evaluate 0 + -5 - (14 + (-45 - -30)).
-4
1 - (-7 + (4 - -7) - 8)
5
Calculate 22 - 11 - (8 - (23 - 6)).
20
1 - ((20 - 4) + 5 + -38)
18
-28 - -42 - (-2 + 16)
0
Calculate -8 + (5 + 1 - 5).
-7
What is 4 + 6 + -20 + (-5 - -3)?
-12
3 - (-1 - -2 - 7) - 25
-16
(855 - 889) + -1 + 44
9
28 - (24 - 12 - -24)
-8
Calculate -4 + 17 + -17 + 1 - (-2 - -5).
-6
Evaluate (3 - 0) + (-10 - (31 - 23)).
-15
Calculate 5 + (-4 - 3 - 6).
-8
3320 + -3329 - (-1 - (25 - 0))
17
What is (2 + 0 - -1) + 141 + -132?
12
0 + -11 + (573 - 553)
9
Evaluate -20 + 6 + 1 + 2 - (92 + -97).
-6
Evaluate 10 + -9 - -19 - (14 + -3).
9
-9 + (-1 + 6 - (-83 + 83)) - 2
-6
What is the value of (-8 - (-14 + 5 + 4)) + (28 - 6)?
19
What is 8 - (6 - 34) - 6?
30
(20 - (-8 - -6 - -4)) + (-25 - -24)
17
Calculate (-5 - 5) + 2 + -1.
-9
(5 - (-6 - -3)) + (-12 - -3) + 2
1
-8 + (14 - (30 + -14))
-10
Evaluate (94 - 83) + 1 + -2 + -1.
9
Calculate -13 + 11 - -14 - 5.
7
Calculate -2 - (10 + -11 + (0 + 4 - -2)).
-7
What is -7 - ((-119 - -121) + (2 - 0))?
-11
Calculate 0 + 0 + 6 + 1 + 202 + -191.
18
What is -3 - (3 + 3 + -11 + -13)?
15
What is (-84 - -88) + -5 + 6?
5
What is the value of 25 + -8 + -16 + -1?
0
14 - (-20 - -28) - 3
3
What is (-3 - (-4 + 2 - 4)) + (41 - 43)?
1
Evaluate -12 + (-10 + 28 - 22).
-16
Calculate (842 - 847) + ((1 - 1) + 0 - -12).
7
0 + (1 - ((4 + -5 - -3) + -6))
5
Calculate -30 + 13 + -11 + (-18 - -16).
-30
What is the value of 9 + 11 + -9 - (3 + (3 - 2))?
7
What is the value of -8 + -9 + 19 + 11?
13
What is 6 + (0 + -13 - (-5 + 3)) + -6?
-11
-19 - 2 - 20 - -14
-27
(-1 - -3) + 8 - 15 - -4
-1
Evaluate 63 + (15 - 42 - 7).
29
Calculate -2 - (-5 - (0 - 2)).
1
16 - (-3 + 10) - (-31 + 24)
16
What is the value of -21 + -9 + 14 + -17?
-33
-3 + -2 + (90 - 79)
6
-8 + 14 + 7 + -19
-6
What is -1 + (0 - 1 - -7) + (-127 - -131)?
9
What is the value of -26 + 43 + 10 - 31?
-4
Calculate (-16 - -1) + -18 + 11 + 9 + -8.
-21
What is the value of ((1 - -9) + -6 - 9) + 23 + 4?
22
Calculate 8 + 6 + (-5 - (-4 - 1)).
14
Calculate (1 + (-4 - 10) - -19) + -1 + -3.
2
Evaluate -65 - -77 - (-2 + 11).
3
What is the value of (-2 - 8) + (3 - -7)?
0
What is the value of 4 - 6 - 16 - -12?
-6
-8 + (-20 + 8 + 9 - (0 + 1))
-12
What is 11 + -7 + 6 + -1?
9
-16 + -4 + 9 - 9
-20
Evaluate -12 - (5 + (-1 + 13 - (19 + -17))).
-27
Calculate 1 - -13 - (14 + -26 + 32).
-6
What is -23 - -10 - (-8 + 3 + 0) - -6?
-2
What is the value of -3 - (-3 - -5 - 0) - (88 + -82)?
-11
Evaluate (-1 - (-7 - (-5 - -3 - 5))) + 17.
16
Evaluate (19 - 13) + 35 + -22.
19
(-3 + 6 - 13) + 16
6
What is -9 + 5 - (-6 + -17)?
19
What is the value of -19 - (-6 + -31) - (15 - -1)?
2
What is the value of -18 + (37 - 19) - (13 + -1)?
-12
What is 33 + -36 + (7 - -2)?
6
What is 5 + 2 + (58 - (-24 + 62))?
27
What is the value of (-159 - -147) + (-2 - -9) + -1?
-6
Calculate (9 - 1) + (1 + -8 - (-49 + 54)).
-4
What is (-28 - 0) + (-26 - (-19 + 13) - -27)?
-21
What is -1 - ((3 - 4 - 6) + 6)?
0
-11 + (0 - -2) - (-483 - -473)
1
What is -55 + 46 + (-5 - (2 + 17 + -6))?
-27
-3 + 9 - -3 - 11
-2
What is 13 + (-14 - 0 - -2 - (126 - 131))?
6
Evaluate (-6 - -7 - -4) + -6 - 10.
-11
What is the value of 8 + (-4 + 4 - 4) + 8?
12
Evaluate -21 - (-16 + 34 + -20).
-19
Evaluate 1 + 5 + (14 - 8 - 5).
7
What is -114 + 107 + (1 - -3 - -2) - -26?
25
-12 - (-4 + 4 + 16 - 0)
-28
What is (-4 - -6 - 12) + 10?
0
Calculate 0 - -1 - 7 - ((-65 - -2) + 57).
0
What is (-2 - -6) + (-3 + -8 + 4 - -16)?
13
What is the value of (-4 - (3 - -4)) + (34 - 26)?
-3
Calculate 21 + -10 + (0 - 18).
-7
Evaluate 3 + (-9 - -12 - 0) + 3.
9
What is 4 + (5 - -2) + -28 + 12 + -2?
-7
Evaluate -7 - -17 - (2 + (-7 - -3)).
12
Evaluate -1 - (-28 + 35 - (1 - -1)).
-6
Evaluate 11 - (-1 + -4 + 14 + -4).
6
-27 + (-7 + 14 - -22)
2
What is the value of -1 - (1 - -2) - -8 - -5?
9
Evaluate -1281 + 1275 + (19 - (-2 + 1)).
14
What is the value of 2 - (-19 - 7) - (7 + 0 - -2)?
19
-4 + (1 - (12 - 5)) + 3 + -10
-17
What is the value of (1 - 16 - -6 - -6) + 3?
0
Evaluate (3 + -6 - 0) + 4 - (7 + -8).
2
What is -10 + -11 + (5 - -13) - -15?
12
Evaluate (8 - 13 - (-5 + 0 - -1)) + -3.
-4
What is -26 - (-25 - -11) - (1 + -16)?
3
Evaluate -11 - (6 + -2 - (-3 - -3)).
-15
8 - 0 - 1 - (-23 + (-57 - -77))
10
Calculate (1 - 14) + (14 - -34) + -33.
2
1 - 0 - ((8 - 7) + -11)
11
Evaluate 1 - (2 + -18) - 17 - 1.
-1
(10 - 0) + (9 - 32) - 2
-15
What is the value of (13 + 3 - 13) + 15 - 39?
-21
Evaluate -68 - (-16 + -41 + 22).
-33
What is 0 - (-2 + 0 + 2 - (28 + -21))?
7
What is the value of -1 + 7 + 3 + 2 + -4?
7
Evaluate 9 - (-6 + 1 + 15 + -11).
10
Evaluate 19 + 0 - (2210 + -2186).
-5
Evaluate (-10 + 5 - (-12 + 6)) + (0 - 8).
-7
5 + -26 + 5 + 26 + (-7 - 1)
2
What is the value of -2 - ((-16 - -10) + -2 + 1) - 3?
2
Calculate -23 - -43 - 47 - -46.
19
What is (17 - (9 + -5 + 5)) + -21?
-13
19 - (16 + 19) - -32
16
Calculate 21 + -7 - 12 - 2.
0
What is the value of -7 + (8 - (3 + (15 - 3)) - -24)?
10
What is -16 + 24 + -13 - (-1 + -7)?
3
5 + 27 + (12 - (5 - -15))
24
What is 4 + 8 + (-4 + -22 - -10)?
-4
What is the value of 20 + -56 + 5 - -11?
-20
What is 41 + (15 - 24 - (0 + 2))?
30
-5 - (2 + -15 + 19 + -5)
-6
What is the value of (8 - 16) + -18 + 45?
19
What is 1 + (0 - -24) - (4 + -11 + 12)?
20
What is 1 + -2 + -4 - (1 + 1)?
-7
Evaluate (-2 - 9 - -1 - -3) + 15 + -4.
4
Evaluate (3 - (8 + -24)) + -5 + 0 + 3.
17
Calculate (-34 - -32) + 2 + -1 + -20.
-21
What is -4 + (5 - (-4 + -1 - -12)) + 21?
15
-8 - (11 + (-1 - 33) + 1)
14
What is the value of -13 + 1 + -7 + 3 + 5?
-11
What is the value of (-3 - -3) + 1 + (40 - 23) + -6?
12
Evaluate 2 + 12 + -133 + 116.
-3
0 - -3 - (2 + -4 + (21 - 10))
-6
Evaluate 10 - (4 + -10 + -3 + 14).
5
What is 6 - (4 + -8 + 5) - 8 - 20?
-23
What is the value of (0 - (0 + 7 + -8)) + -14?
-13
What is the value of -11 - (13 + -22 - -11)?
-13
What is the value of (-43 - -43) + -3 + 6?
3
25 - (-30 + 25 + -8)
38
Calculate -57 + 54 + (1 - (-11 - -1)).
8
-3 - (-29 + 36 - -4)
-14
What is the value of -9 + (-19 + -7 - -13) + (-1 - 6)?
-29
-6 - ((1 - (-6 - -3 - 1)) + -1)
-10
What is the val